{"id":18709,"date":"2024-03-08T11:28:24","date_gmt":"2024-03-08T10:28:24","guid":{"rendered":"http:\/\/www.ateliersgeeks.com\/?page_id=18709"},"modified":"2024-03-08T11:36:22","modified_gmt":"2024-03-08T10:36:22","slug":"tous-les-ateliers-decouverte","status":"publish","type":"page","link":"https:\/\/www.ateliersgeeks.com\/?page_id=18709","title":{"rendered":"TOUS LES ATELIERS D\u00c9COUVERTE"},"content":{"rendered":"\n<style type=\"text\/css\" data-created_by=\"avia_inline_auto\" id=\"style-css-av-2rfsgl-e4dd62c6f6989104d30074b177de2065\">\n.flex_column.av-2rfsgl-e4dd62c6f6989104d30074b177de2065{\nborder-radius:0px 0px 0px 0px;\npadding:0px 0px 0px 0px;\n}\n<\/style>\n<div  class='flex_column av-2rfsgl-e4dd62c6f6989104d30074b177de2065 av_one_full  avia-builder-el-0  el_before_av_one_fifth  avia-builder-el-first  first no_margin flex_column_div av-zero-column-padding  '     ><style type=\"text\/css\" data-created_by=\"avia_inline_auto\" id=\"style-css-av-ltiiisxr-0cebbfe63e4b1954ac4a51a8aa247970\">\n#top .av-special-heading.av-ltiiisxr-0cebbfe63e4b1954ac4a51a8aa247970{\npadding-bottom:0;\n}\nbody .av-special-heading.av-ltiiisxr-0cebbfe63e4b1954ac4a51a8aa247970 .av-special-heading-tag .heading-char{\nfont-size:25px;\n}\n.av-special-heading.av-ltiiisxr-0cebbfe63e4b1954ac4a51a8aa247970 .av-subheading{\nfont-size:18px;\n}\n<\/style>\n<div  class='av-special-heading av-ltiiisxr-0cebbfe63e4b1954ac4a51a8aa247970 av-special-heading-h1 blockquote modern-quote modern-centered  avia-builder-el-1  avia-builder-el-no-sibling  av-linked-heading'><h1 class='av-special-heading-tag '  itemprop=\"headline\"  >TOUS LES ATELIERS D\u00c9COUVERTE<\/h1><div class='av-subheading av-subheading_below'><p>Depuis 2022, nous vous proposons chaque ann\u00e9e une programmation d&rsquo;ateliers d\u00e9couverte \u00e0 l&rsquo;automne et au printemps. Ces ateliers se d\u00e9roulent les samedis apr\u00e8s-midi et permettent de d\u00e9couvrir diff\u00e9rentes activit\u00e9s en s&rsquo;inscrivant \u00e0 la carte. C&rsquo;est notamment l&rsquo;occasion pour nous de proposer des ateliers adapt\u00e9s aux enfants de maternelle.<\/p>\n<\/div><div class=\"special-heading-border\"><div class=\"special-heading-inner-border\"><\/div><\/div><\/div><\/div><div  class='flex_column av-av_one_fifth-aa5fe5534a8b570dbeaa0c2725258fec av_one_fifth  avia-builder-el-2  el_after_av_one_full  el_before_av_three_fifth  first flex_column_div  column-top-margin'     ><\/div><\/p>\n<div  class='flex_column av-av_three_fifth-fdc8dc64e1c813fefec5087db98e1330 av_three_fifth  avia-builder-el-3  el_after_av_one_fifth  el_before_av_one_fifth  flex_column_div  column-top-margin'     ><div id='av-masonry-1' class='av-masonry av-ltiij96l-7d419ed1eed4627040ac580d9b255e87 noHover av-fixed-size av-large-gap av-hover-overlay- av-masonry-animation-active av-masonry-col-2 av-caption-on-hover-hide av-caption-style- av-masonry-entries av-desktop-columns-overwrite av-desktop-columns-2 av-medium-columns-overwrite av-medium-columns-2 av-small-columns-overwrite av-small-columns-2 av-mini-columns-overwrite av-mini-columns-2 ' data-post_id=\"18709\"><div class=\"av-masonry-container isotope av-js-disabled\"><div class='av-masonry-entry isotope-item av-masonry-item-no-image all_sort decouverte_sort '><\/div><a href=\"https:\/\/www.ateliersgeeks.com\/?p=19458\"  id='av-masonry-1-item-19458' data-av-masonry-item='19458' class='av-masonry-entry isotope-item post-19458 post type-post status-publish format-standard has-post-thumbnail hentry category-2024-2025 tag-decouverte all_sort decouverte_sort  av-masonry-item-with-image' title=\"2022-1GrainesDeMakers\"   itemscope=\"itemscope\" itemtype=\"https:\/\/schema.org\/CreativeWork\" ><div class='av-inner-masonry-sizer'><\/div><figure class='av-inner-masonry main_color'><div class=\"av-masonry-outerimage-container\"><div class='av-masonry-image-container' style=\"background-image: url(https:\/\/www.ateliersgeeks.com\/wp-content\/uploads\/2022\/09\/2022-1GrainesDeMakers-705x570.png);\"  title=\"2022-1GrainesDeMakers\" ><\/div><\/div><figcaption class='av-inner-masonry-content site-background'><div class='av-inner-masonry-content-pos'><div class='av-inner-masonry-content-pos-content'><div class='avia-arrow'><\/div><h3 class='av-masonry-entry-title entry-title '  itemprop=\"headline\" >Graines de makers 2024<\/h3><span class='av-masonry-date meta-color updated'>6 septembre 2024<\/span><span class=\"av-masonry-text-sep text-sep-author\">\/<\/span><span class='av-masonry-author meta-color author'><span class='fn'>par Nathalie Lafargue<\/span><\/span><\/div><\/div><\/figcaption><\/figure><\/a><!--end av-masonry entry--><a href=\"https:\/\/www.ateliersgeeks.com\/?p=18733\"  id='av-masonry-1-item-18733' data-av-masonry-item='18733' class='av-masonry-entry isotope-item post-18733 post type-post status-publish format-standard has-post-thumbnail hentry category-2024-03-mars category-2024-04-avr category-2024-05-mai category-2024-06-juin category-ateliers-ponctuels tag-decouverte all_sort decouverte_sort  av-masonry-item-with-image' title=\"PrintempsD\u00e9couverte\"   itemscope=\"itemscope\" itemtype=\"https:\/\/schema.org\/CreativeWork\" ><div class='av-inner-masonry-sizer'><\/div><figure class='av-inner-masonry main_color'><div class=\"av-masonry-outerimage-container\"><div class='av-masonry-image-container' style=\"background-image: url(https:\/\/www.ateliersgeeks.com\/wp-content\/uploads\/2024\/03\/PrintempsDecouverte-705x570.png);\"  title=\"PrintempsD\u00e9couverte\" ><\/div><\/div><figcaption class='av-inner-masonry-content site-background'><div class='av-inner-masonry-content-pos'><div class='av-inner-masonry-content-pos-content'><div class='avia-arrow'><\/div><h3 class='av-masonry-entry-title entry-title '  itemprop=\"headline\" >Printemps D\u00e9couverte 2024<\/h3><span class='av-masonry-date meta-color updated'>11 mars 2024<\/span><span class=\"av-masonry-text-sep text-sep-author\">\/<\/span><span class='av-masonry-author meta-color author'><span class='fn'>par Nathalie Lafargue<\/span><\/span><\/div><\/div><\/figcaption><\/figure><\/a><!--end av-masonry entry--><a href=\"https:\/\/www.ateliersgeeks.com\/?p=18232\"  id='av-masonry-1-item-18232' data-av-masonry-item='18232' class='av-masonry-entry isotope-item post-18232 post type-post status-publish format-standard has-post-thumbnail hentry category-ateliers-ponctuels tag-decouverte all_sort decouverte_sort  av-masonry-item-with-image' title=\"AutomneD\u00e9couverte2023\"   itemscope=\"itemscope\" itemtype=\"https:\/\/schema.org\/CreativeWork\" ><div class='av-inner-masonry-sizer'><\/div><figure class='av-inner-masonry main_color'><div class=\"av-masonry-outerimage-container\"><div class='av-masonry-image-container' style=\"background-image: url(https:\/\/www.ateliersgeeks.com\/wp-content\/uploads\/2023\/09\/AutomneDecouverte2023-705x570.png);\"  title=\"AutomneD\u00e9couverte2023\" ><\/div><\/div><figcaption class='av-inner-masonry-content site-background'><div class='av-inner-masonry-content-pos'><div class='av-inner-masonry-content-pos-content'><div class='avia-arrow'><\/div><h3 class='av-masonry-entry-title entry-title '  itemprop=\"headline\" >AutomneD\u00e9couverte2023<\/h3><span class='av-masonry-date meta-color updated'>6 septembre 2023<\/span><span class=\"av-masonry-text-sep text-sep-author\">\/<\/span><span class='av-masonry-author meta-color author'><span class='fn'>par Nathalie Lafargue<\/span><\/span><\/div><\/div><\/figcaption><\/figure><\/a><!--end av-masonry entry--><a href=\"https:\/\/www.ateliersgeeks.com\/?p=17413\"  id='av-masonry-1-item-17413' data-av-masonry-item='17413' class='av-masonry-entry isotope-item post-17413 post type-post status-publish format-standard has-post-thumbnail hentry category-ateliers-ponctuels category-familles tag-decouverte all_sort decouverte_sort  av-masonry-item-with-image' title=\"PrintempsD\u00e9couverte\"   itemscope=\"itemscope\" itemtype=\"https:\/\/schema.org\/CreativeWork\" ><div class='av-inner-masonry-sizer'><\/div><figure class='av-inner-masonry main_color'><div class=\"av-masonry-outerimage-container\"><div class='av-masonry-image-container' style=\"background-image: url(https:\/\/www.ateliersgeeks.com\/wp-content\/uploads\/2022\/02\/PrintempsDecouverte-705x570.png);\"  title=\"PrintempsD\u00e9couverte\" ><\/div><\/div><figcaption class='av-inner-masonry-content site-background'><div class='av-inner-masonry-content-pos'><div class='av-inner-masonry-content-pos-content'><div class='avia-arrow'><\/div><h3 class='av-masonry-entry-title entry-title '  itemprop=\"headline\" >Printemps D\u00e9couverte 2023<\/h3><span class='av-masonry-date meta-color updated'>5 mars 2023<\/span><span class=\"av-masonry-text-sep text-sep-author\">\/<\/span><span class='av-masonry-author meta-color author'><span class='fn'>par adouney<\/span><\/span><\/div><\/div><\/figcaption><\/figure><\/a><!--end av-masonry entry--><a href=\"https:\/\/www.ateliersgeeks.com\/?p=16667\"  id='av-masonry-1-item-16667' data-av-masonry-item='16667' class='av-masonry-entry isotope-item post-16667 post type-post status-publish format-standard has-post-thumbnail hentry category-ateliers-ponctuels tag-decouverte all_sort decouverte_sort  av-masonry-item-with-image' title=\"AutomneD\u00e9couverte\"   itemscope=\"itemscope\" itemtype=\"https:\/\/schema.org\/CreativeWork\" ><div class='av-inner-masonry-sizer'><\/div><figure class='av-inner-masonry main_color'><div class=\"av-masonry-outerimage-container\"><div class='av-masonry-image-container' style=\"background-image: url(https:\/\/www.ateliersgeeks.com\/wp-content\/uploads\/2022\/09\/AutomneDecouverte-705x570.png);\"  title=\"AutomneD\u00e9couverte\" ><\/div><\/div><figcaption class='av-inner-masonry-content site-background'><div class='av-inner-masonry-content-pos'><div class='av-inner-masonry-content-pos-content'><div class='avia-arrow'><\/div><h3 class='av-masonry-entry-title entry-title '  itemprop=\"headline\" >Automne D\u00e9couverte 2022<\/h3><span class='av-masonry-date meta-color updated'>25 septembre 2022<\/span><span class=\"av-masonry-text-sep text-sep-author\">\/<\/span><span class='av-masonry-author meta-color author'><span class='fn'>par Nathalie Lafargue<\/span><\/span><\/div><\/div><\/figcaption><\/figure><\/a><!--end av-masonry entry--><a href=\"https:\/\/www.ateliersgeeks.com\/?p=15498\"  id='av-masonry-1-item-15498' data-av-masonry-item='15498' class='av-masonry-entry isotope-item post-15498 post type-post status-publish format-standard has-post-thumbnail hentry category-ateliers-ponctuels category-familles tag-decouverte all_sort decouverte_sort  av-masonry-item-with-image' title=\"PrintempsD\u00e9couverte\"   itemscope=\"itemscope\" itemtype=\"https:\/\/schema.org\/CreativeWork\" ><div class='av-inner-masonry-sizer'><\/div><figure class='av-inner-masonry main_color'><div class=\"av-masonry-outerimage-container\"><div class='av-masonry-image-container' style=\"background-image: url(https:\/\/www.ateliersgeeks.com\/wp-content\/uploads\/2022\/02\/PrintempsDecouverte-705x570.png);\"  title=\"PrintempsD\u00e9couverte\" ><\/div><\/div><figcaption class='av-inner-masonry-content site-background'><div class='av-inner-masonry-content-pos'><div class='av-inner-masonry-content-pos-content'><div class='avia-arrow'><\/div><h3 class='av-masonry-entry-title entry-title '  itemprop=\"headline\" >Printemps d\u00e9couverte 2022<\/h3><span class='av-masonry-date meta-color updated'>1 mars 2022<\/span><span class=\"av-masonry-text-sep text-sep-author\">\/<\/span><span class='av-masonry-author meta-color author'><span class='fn'>par Nathalie Lafargue<\/span><\/span><\/div><\/div><\/figcaption><\/figure><\/a><!--end av-masonry entry--><\/div><\/div><\/div><div  class='flex_column av-av_one_fifth-fdc8dc64e1c813fefec5087db98e1330 av_one_fifth  avia-builder-el-5  el_after_av_three_fifth  avia-builder-el-last  flex_column_div  column-top-margin'     ><\/div><\/p>\n","protected":false},"excerpt":{"rendered":"","protected":false},"author":1,"featured_media":0,"parent":4802,"menu_order":3,"comment_status":"closed","ping_status":"closed","template":"","meta":{"footnotes":""},"class_list":["post-18709","page","type-page","status-publish","hentry"],"_links":{"self":[{"href":"https:\/\/www.ateliersgeeks.com\/index.php?rest_route=\/wp\/v2\/pages\/18709","targetHints":{"allow":["GET"]}}],"collection":[{"href":"https:\/\/www.ateliersgeeks.com\/index.php?rest_route=\/wp\/v2\/pages"}],"about":[{"href":"https:\/\/www.ateliersgeeks.com\/index.php?rest_route=\/wp\/v2\/types\/page"}],"author":[{"embeddable":true,"href":"https:\/\/www.ateliersgeeks.com\/index.php?rest_route=\/wp\/v2\/users\/1"}],"replies":[{"embeddable":true,"href":"https:\/\/www.ateliersgeeks.com\/index.php?rest_route=%2Fwp%2Fv2%2Fcomments&post=18709"}],"version-history":[{"count":3,"href":"https:\/\/www.ateliersgeeks.com\/index.php?rest_route=\/wp\/v2\/pages\/18709\/revisions"}],"predecessor-version":[{"id":20407,"href":"https:\/\/www.ateliersgeeks.com\/index.php?rest_route=\/wp\/v2\/pages\/18709\/revisions\/20407"}],"up":[{"embeddable":true,"href":"https:\/\/www.ateliersgeeks.com\/index.php?rest_route=\/wp\/v2\/pages\/4802"}],"wp:attachment":[{"href":"https:\/\/www.ateliersgeeks.com\/index.php?rest_route=%2Fwp%2Fv2%2Fmedia&parent=18709"}],"curies":[{"name":"wp","href":"https:\/\/api.w.org\/{rel}","templated":true}]}}